427267?
False
Does 5594 divide 4791378474?
True
Does 165 divide 127205148?
False
Is 36732393 a multiple of 95?
False
Is 9813 a factor of 3683231046?
True
Does 567 divide 66852135?
True
Is 14 a factor of 104870220?
True
Is 1277007836 a multiple of 221?
True
Is 28639845 a multiple of 1755?
True
Is 628 a factor of 749940799?
False
Does 3 divide 49142205?
True
Does 255 divide 481994115?
True
Is 1140 a factor of 1270453620?
True
Is 461032643 a multiple of 27?
False
Is 266 a factor of 20712090?
True
Is 67 a factor of 210863061?
False
Does 2996 divide 64375052?
True
Is 2 a factor of 12111331?
False
Is 857 a factor of 939325134?
True
Is 152461206 a multiple of 131?
True
Does 92 divide 25861568?
True
Is 148771098 a multiple of 63?
True
Is 52 a factor of 58426524?
True
Does 50 divide 8502229?
False
Is 32535836 a multiple of 30?
False
Does 4 divide 1016889000?
True
Is 430 a factor of 1575637390?
True
Is 1300584200 a multiple of 100?
True
Does 17 divide 569361883?
False
Does 1015 divide 43600187?
False
Does 115 divide 9191030?
True
Is 9982635 a multiple of 9?
False
Is 603449956 a multiple of 19?
True
Is 20 a factor of 332980854?
False
Is 155 a factor of 120906045?
True
Is 542 a factor of 334970092?
True
Does 4 divide 12013987?
False
Does 18 divide 74082963?
False
Is 661 a factor of 7476148?
False
Is 1081004210 a multiple of 2035?
True
Is 8234 a factor of 811598726?
False
Is 51787151 a multiple of 1070?
False
Does 145 divide 18070770?
True
Is 1891 a factor of 90995315?
False
Is 158 a factor of 1422841?
False
Is 2 a factor of 3250862?
True
Is 35859332 a multiple of 206?
False
Is 22272974 a multiple of 447?
False
Does 102 divide 13337214?
True
Is 448 a factor of 616746816?
True
Is 18033618 a multiple of 303?
False
Is 2098 a factor of 634945597?
False
Is 28 a factor of 8049128?
False
Does 37 divide 189752828?
False
Is 103259347 a multiple of 71?
True
Is 448490384 a multiple of 25?
False
Does 1759 divide 214620867?
True
Is 10 a factor of 643655597?
False
Is 3526 a factor of 795270899?
False
Does 494 divide 547629628?
True
Is 652454018 a multiple of 424?
False
Does 115 divide 30302730?
True
Is 6114416 a multiple of 1078?
True
Does 534 divide 414994896?
True
Is 500509870 a multiple of 70?
True
Is 725 a factor of 29406000?
True
Does 218 divide 185775474?
False
Is 48 a factor of 1461724464?
True
Does 2026 divide 57163590?
True
Does 10 divide 880407697?
False
Is 68391749 a multiple of 223?
False
Is 15 a factor of 222808785?
True
Is 333 a factor of 41222070?
True
Does 71 divide 55182336?
True
Is 338365050 a multiple of 413?
False
Does 242 divide 7006892?
False
Is 15739356 a multiple of 37?
True
Is 8588 a factor of 858112960?
True
Is 9 a factor of 44468415?
True
Is 43505359 a multiple of 1600?
False
Does 4264 divide 227957704?
True
Is 78349512 a multiple of 98?
False
Does 42 divide 70679512?
False
Is 5544836 a multiple of 285?
False
Is 503747910 a multiple of 91?
False
Is 288027516 a multiple of 27?
False
Is 19805944 a multiple of 92?
True
Is 364191617 a multiple of 26?
False
Is 5100224177 a multiple of 157?
False
Is 85287858 a multiple of 131?
False
Does 167 divide 3732979056?
True
Is 1585 a factor of 67973608?
False
Is 11596352 a multiple of 146?
False
Is 93707340 a multiple of 771?
True
Is 5777070774 a multiple of 53?
False
Is 2174 a factor of 176489755?
False
Is 4080015 a multiple of 213?
True
Does 5 divide 138918021?
False
Is 29 a factor of 1294050460?
False
Does 473 divide 43492823?
True
Does 9 divide 216155286?
True
Is 6025770 a multiple of 1035?
True
Is 438 a factor of 87525272?
False
Is 2884 a factor of 32625626?
False
Is 20506136 a multiple of 7?
True
Is 614738277 a multiple of 1333?
True
Does 3 divide 4570838?
False
Does 25 divide 821576046?
False
Does 6 divide 15959448?
True
Is 50 a factor of 155334396?
False
Is 2143818 a multiple of 2516?
False
Is 140824315 a multiple of 1486?
False
Is 152 a factor of 253552089?
False
Is 18084605 a multiple of 11?
True
Is 376 a factor of 136834248?
False
Is 1086 a factor of 2224088904?
True
Does 13 divide 16354429?
True
Is 37 a factor of 46664282?
False
Does 14 divide 1734198731?
False
Is 14 a factor of 28620953?
False
Does 135 divide 18745130?
False
Does 115 divide 196283983?
False
Is 494030090 a multiple of 5?
True
Is 191 a factor of 4892671951?
False
Is 4422296 a multiple of 8?
True
Does 120 divide 24253528?
False
Does 529 divide 10996323?
True
Is 288 a factor of 19027584?
True
Does 56 divide 158363048?
False
Is 338 a factor of 103958660?
True
Does 1498 divide 122051048?
True
Does 7 divide 416081100?
False
Is 572 a factor of 397192224?
True
Does 157 divide 9612325?
True
Is 249052085 a multiple of 840?
False
Is 4 a factor of 5908721?
False
Does 89 divide 455207203?
False
Is 205 a factor of 52015060?
True
Is 4872 a factor of 2592519255?
False
Does 624 divide 58300605?
False
Does 204 divide 1559376?
True
Does 91 divide 50561147?
True
Does 543 divide 4064156805?
True
Is 958 a factor of 33179175?
False
Does 447 divide 814040864?
False
Does 23 divide 2084225385?
True
Is 5 a factor of 79151188?
False
Is 2178642570 a multiple of 5300?
False
Does 21 divide 4578?
True
Is 3978 a factor of 198824418?
True
Is 10380079 a multiple of 125?
False
Is 900589725 a multiple of 69?
True
Is 73853130 a multiple of 39?
True
Does 22 divide 7709972?
False
Does 56 divide 28527236?
False
Is 11 a factor of 33530824?
False
Does 10 divide 11174746?
False
Is 70448702 a multiple of 10?
False
Does 4128 divide 153850560?
True
Is 64 a factor of 9984576?
True
Does 2162 divide 5437020?
False
Is 946 a factor of 618837252?
True
Is 323276080 a multiple of 68?
True
Is 28200472 a multiple of 632?
True
Does 7 divide 125221579?
True
Is 322640696 a multiple of 86?
True
Is 7491017 a multiple of 176?
False
Is 110 a factor of 238410700?
True
Is 99094675 a multiple of 403?
False
Is 9154 a factor of 4998064376?
False
Is 113 a factor of 100346523?
False
Does 79 divide 14085147?
True
Is 11079707 a multiple of 1478?
False
Does 69 divide 5160582?
False
Is 1085736418 a multiple of 373?
False
Is 259194424 a multiple of 2994?
False
Is 6592 a factor of 968898752?
True
Does 287 divide 435283142?
True
Is 7 a factor of 110258581?
False
Is 15901733 a multiple of 584?
False
Does 16 divide 1014443189?
False
Does 301 divide 3086514200?
True
Is 3 a factor of 14348530?
False
Does 13 divide 316982497?
True
Is 6093119 a multiple of 3?
False
Does 2355 divide 278303889?
False
Is 99003492 a multiple of 581?
False
Is 425752083 a multiple of 1109?
False
Is 6674331899 a multiple of 43?
False
Does 10 divide 265459230?
True
Is 104462668 a multiple of 4?
True
Is 59 a factor of 4018982945?
True
Does 75 divide 200160687?
False
Is 527576693 a multiple of 2077?
True
Is 4 a factor of 75127998?
False
Is 519 a factor of 253999179?
False
Does 4 divide 8030688?
True
Does 42 divide 173519337?
False
Is 1991 a factor of 48341056?
False
Is 200532101 a multiple of 893?
False
Is 36516056 a multiple of 117?
False
Is 94 a factor of 16465863?
False
Is 508 a factor of 299841503?
False
Does 678 divide 1546395960?
True
Is 36 a factor of 142721242?
False
Is 511 a factor of 176868650?
False
Does 10 divide 192185580?
True
Is 258 a factor of 78032623?
False
Does 256 divide 24216832?
True
Is 59 a factor of 3595307?
False
Is 1434 a factor of 59611380?
True
Is 5389163 a multiple of 42?
False
Is 310014372 a multiple of 1114?
False
Is 317 a factor of 9080774?
False
Is 1880 a factor of 1343737056?
False
Does 769 divide 88721430?
False
Is 35778064 a multiple of 92?
True
Is 22 a factor of 691666597?
False
Does 136 divide 25437576?
True
Is 239091048 a multiple of 5?
False
Does 56 divide 67865280?
True
Does 64 divide 12998448?
False
Is 171898032 a multiple of 8?
True
Is 6178200 a multiple of 21?
True
Is 45 a factor of 2860515765?
True
Does 870 divide 141235864?
False
Is 49 a factor of 667639259?
True
Is 94746786 a multiple of 172?
False
Is 61472916 a multiple of 43?
False
Is 88 a factor of 3311034?
False
Is 7 a factor of 341852655?
False
Is 1697 a factor of 461993624?
False
Is 90 a factor of 19360620?
True
Is 3864001224 a multiple of 10532?
True
Is 14176864 a multiple of 189?
False
Does 4886 divide 1097972148?
True
Does 288 divide 345580184?
False
Is 89101340 a multiple of 22?
False
Does 62 divide 56294102?
False
Does 214 div